 factors of g.
2, 3
Let m = 0 + 0. Let y(v) = -v + 4. Let i be y(m). Suppose 3*n - i*d - 44 - 6 = 0, -d - 44 = -3*n. List the prime factors of n.
2, 7
Let u = -7 - -12. Suppose u*j = 2*j + 42. List the prime factors of j.
2, 7
Suppose 61 = 5*u - 3*t, -u + 5*t = t - 2. Let f = u + -20. List the prime factors of f*((-45)/6)/5.
3
Let u(h) = -7*h**2 - 5*h + h**3 - 10*h + 6*h. Let t be u(7). List the prime factors of (-770)/t + 4/(-18).
2, 3
Let g be (52/65)/(2/105). Let m = -29 + g. What are the prime factors of m?
13
What are the prime factors of (-1*1)/(9/(-387))?
43
Suppose -208 - 352 = -8*v. List the prime factors of v.
2, 5, 7
Let c = 94 + -41. What are the prime factors of c?
53
Let i(q) = -5*q**3 - q**2 + 2*q + 6. List the prime factors of i(-3).
2, 3, 7
Let t = 15 - 11. Suppose -28 = -3*p + z, 5*p = t*p + 4*z + 13. List the prime factors of p.
3
Let o = -65 + 132. What are the prime factors of o?
67
Suppose -w + 69 = 4*v, 3*w - 2*w + 3*v = 68. List the prime factors of w.
5, 13
Let a(s) = s**3 + 5*s**2 - 4*s - 6. Let l be (1 - -4)/(-1 - 0). List the prime factors of a(l).
2, 7
Suppose 3*h + 169 = -0*x + x, 4*x - 4*h = 708. Suppose c = -3*i + 41, -x = -9*c + 4*c - 3*i. What are the prime factors of c?
5, 7
Let j = -3 - -1. Let b be j/(-3) + 2/6. What are the prime factors of 1 + -2 + b + 11?
11
Let o(d) = -d**2 - 3*d. Let l be o(-3). Suppose -8 = -2*j - l*j. List the prime factors of j.
2
Let y be 91 - (-12)/(9/3). Suppose -12*d + 17*d = y. What are the prime factors of d?
19
Let k = -7 + 7. Suppose k = 3*a + 5*c - 24, -4*c - 73 = -5*a + 4. List the prime factors of a.
13
Let j(v) = v. Let r(m) = -m - 3. Let h(p) = -2*j(p) - r(p). Let f be h(0). Let z = 1 + f. List the prime factors of z.
2
Let o(h) = -2 - 1 + 2*h + 0 + 2*h**2. Let r be -1 - 5*4/10. List the prime factors of o(r).
3
Let z be 3 + -4 + 3 + 0. Let b be 276/10 - z/(-5). Let k = -15 + b. List the prime factors of k.
13
Let l(q) = -3*q + 9. List the prime factors of l(0).
3
Let w be (-64)/(-10) - (-2)/(-5). Suppose -5*l + 7 = -5*i + 27, -l = 0. Suppose -i = -x - f + 12, -3*f + w = 0. List the prime factors of x.
2, 7
Let k be (3 - 2 - 2) + 11. Let a(w) = -w**3 + 11*w**2 - 9*w + 1. What are the prime factors of a(k)?
11
Let s = -17 - -11. Let a(q) = q**3 + 8*q**2 + 9*q + 5. What are the prime factors of a(s)?
23
Let w = 14 + 16. Let f = w - 21. What are the prime factors of f?
3
Let a(x) = -2*x - 4. Let s be a(-3). Let i(j) = 2*j - 2. Let n be i(s). Suppose 6*m - 3*m = 5*o + 24, 3*o + 15 = n*m. List the prime factors of m.
3
Let i be 2/(2 + 24/(-15)). Suppose -i = -2*m - 1. List the prime factors of m.
2
Let x = 8 - 15. List the prime factors of 2/(1 + x/8).
2
Suppose 2*u + 1 = 5. Let w(d) = 5*d + d**2 + d**u + 1 - d. List the prime factors of w(-3).
7
Let o(j) = 1 - 2*j + 1 + 3*j + j. Let y be o(-7). List the prime factors of (-6)/(-10) + y/(-5).
3
Let w(z) = -z**3 + 5*z**2 - 5. Let p be w(5). Let r = p + 11. List the prime factors of r.
2, 3
Let s = 511 - 355. What are the prime factors of s?
2, 3, 13
Suppose 5*v - 2*o - 1 = 0, v + 3*o = -2*v - 12. List the prime factors of (v + (-19)/3)*-3.
2, 11
Suppose -6*i = -4*i. Suppose g + 0*g - 16 = i. List the prime factors of g.
2
Let r = -8 + -5. Let n(b) be the second derivative of b**3/6 + 29*b**2/2 + 5*b. List the prime factors of n(r).
2
Let n(z) = 0*z**2 + 947 + z + z**2 - 951. Let v(l) = l**2 + 7*l + 5. Let y be v(-5). What are the prime factors of n(y)?
2
Let n be 100/(-2) + (-2 - -3). Let d = n - -71. List the prime factors of d.
2, 11
Suppose -27 = -4*x + b - 2, 5*x + 2*b - 41 = 0. Let o(a) = a - x*a + a + 2 - a + a**2. What are the prime factors of o(6)?
2
Let v = 7 - 5. Suppose -3*g + 2*f = -9, 9 = -f + 4*f. Let x = g - v. List the prime factors of x.
3
What are the prime factors of 2*1*847/(2 + 5)?
2, 11
Let n(a) = -a**3 + 3*a**2 + 3*a - 4. Let z be n(3). Let y(r) = -3*r**3 - r**3 + 3*r**3 - z - 2*r - 4*r**2. What are the prime factors of y(-4)?
3
Let f = -79 + 122. Suppose -5*m - f = 4*q, -5*q + 48 = -6*m + 3*m. What are the prime factors of 2/m - (-202)/22?
3
Let c be (-56)/(-10) + 6/(-10). Suppose -55 = -3*p + c*z, -2*z + 20 = 3*p - 0*z. List the prime factors of p.
2, 5
Let z be 2 + 10*3/2. Let j = -11 + z. List the prime factors of j.
2, 3
Let b(j) = 2*j - 1. Let l be b(3). Suppose -4*n - 4 = -2*k + 8, -l*n - 6 = 2*k. Let y(p) = -3*p - 1. List the prime factors of y(n).
5
Let j be -2 + (-1)/(-1) - -2. Suppose -j = -4*q + 15. Suppose 2*h - q*h + 40 = 2*r, 0 = -4*h - 2*r + 80. List the prime factors of h.
2, 5
Let j = 22 - 14. Let x be (12/(-8))/((-3)/j). Suppose 3*f - x = 8. What are the prime factors of f?
2
Let b(c) be the first derivative of c**3/3 + 2*c**2 - 11*c + 5. List the prime factors of b(-8).
3, 7
Let q(n) = 13*n - 2. Let c be q(-2). List the prime factors of (-12)/1*c/14.
2, 3
List the prime factors of (-2)/(-6) - (-2470)/78.
2
Let v(n) = n - 3. Let h be v(5). Suppose 6 - 2 = h*l. What are the prime factors of l?
2
Suppose -7*z = 11*z - 3492. List the prime factors of z.
2, 97
Let g be (7 - 8) + 47 + 2. Suppose -5*d + 7*d = g. What are the prime factors of d?
2, 3
Let a = 62 - 34. What are the prime factors of a?
2, 7
Let l = -3 - -6. Suppose -l*p + 12 = -2*p. List the prime factors of p.
2, 3
Suppose 2*x = 4*s - 0*s - 6, -x = -s + 3. Suppose m - 37 + 2 = s. List the prime factors of m.
5, 7
Suppose 4*t = -j + 4, 0*t + t + 64 = 3*j. List the prime factors of ((-9)/(-6))/(6/j).
5
Let k = -10 + 7. What are the prime factors of k - (0 + -26 - -3)?
2, 5
Let h = -6 + 11. Suppose -3*t - t + 18 = -3*u, -2*t + h*u + 16 = 0. What are the prime factors of t?
3
Suppose -l - 5 = 0, -v = -6*v + 5*l - 35. Let t be 3/(-2)*16/v. Suppose -2*o - t*o = -56. What are the prime factors of o?
2, 7
Let w(x) = 6*x**2 + 3*x + 7. What are the prime factors of w(-5)?
2, 71
Let q(i) = 3*i**2 + i - 4. Let a(s) = s**2 + 4*s - 2. Let r be a(-5). Suppose -r = z - 0*z. List the prime factors of q(z).
2, 5
Suppose 0 = 3*w - 4*j - 5 - 12, -2*w = 4*j + 2. Suppose -6 = -w*v + v. What are the prime factors of v?
3
Let i(o) = -o + 2. Let l(d) be the first derivative of d**3/3 + 4*d**2 + 7*d + 2. Let q be l(-5). What are the prime factors of i(q)?
2, 5
Let a = 47 - -57. List the prime factors of a.
2, 13
Suppose 2*x + 4 = 4*n, 4*x + 0*n - 22 = -2*n. Suppose -60 + 164 = x*g. What are the prime factors of g?
2, 13
Let v(a) = -42*a - 3. What are the prime factors of v(-3)?
3, 41
Suppose 2*q - 23 = 15. What are the prime factors of q?
19
What are the prime factors of -80*(-2)/(16/20)?
2, 5
Let g be ((-12)/30)/((-1)/10). Suppose -y - 5*k - 13 = 0, 9 = -3*y - g*k + 3. Suppose 2*x = j, -x + 5*x - 8 = -y*j. What are the prime factors of j?
2
Let p be (3 + 6/(-2))*1. Suppose w - 9 = -u - 2*w, -u + 3*w + 27 = p. List the prime factors of u.
2, 3
Suppose 0 = -4*s + 2*d - 2 - 8, -5*d + 14 = s. List the prime factors of (282/(-24))/(s/4).
47
Let z = 1 + 4. Suppose -4*a = -8, 4*v - v - z*a = 11. Let g(w) = -w**3 + 7*w**2 + w - 2. List the prime factors of g(v).
5
Let y be (5/(-2))/(-5)*4. Suppose f + y*r + 4 = -6, -2 = 2*f - 5*r. List the prime factors of (-101)/(-9) + f/27.
11
Let a be ((-20)/25)/((-1)/35). What are the prime factors of -5*a/(-40)*6?
3, 7
Suppose -2*k + 4*k - 44 = -4*p, -14 = -2*p + 3*k. Suppose -d = -p - 5. What are the prime factors of d?
3, 5
Suppose 0 = 3*d - 6, -2*n + 0*d = 4*d + 4. Let h(a) = -5*a - 8. What are the prime factors of h(n)?
2, 11
Let v = -1 - -4. Let t = v - 11. What are the prime factors of t/(-2) + 9/3?
7
Let s = -98 + 189. Suppose h = 3*f + s, -h + 2*h - 1 = 0. Let n = -15 - f. List the prime factors of n.
3, 5
Let p be 2 + -4*(-4)/8. Let w(l) = -l**3 + 6*l**2 - 2*l - 4. What are the prime factors of w(p)?
2, 5
Suppose q - 81 - 135 = 0. What are the prime factors of q?
2, 3
Suppose 8 = -c + 26. Suppose -4*q - v + 21 = 0, -2*v = -4*q - 4*v + c. What are the prime factors of q?
2, 3
Let q(p) be the third derivative of p**7/1680 + p**6/720 - p**5/60 + p**2. Let f(j) be the third derivative of q(j). What are the prime factors of f(3)?
2, 5
Let g(m) = -m**2 + 7*m - 5. Let h be g(5). Suppose 3*y - 130 = h*u, 4*y - 165 = -0*u + 5*u. What are the prime factors of y?
5, 7
Suppose -3*q + 2*g + 17 = 0, 0 = q + 3*q + 4*g + 4.